6) + (-125 - -59)
-76
What is the value of -5 + 18 + (140 + 0 - 1 - (496 + -486))?
142
What is 19 + (-16 - (29 - 37))?
11
-15 - (-3 + (4 - (24 - 10))) - (2 + 61)
-65
What is the value of 5 + -36 + 19 + -12 + 1?
-23
Calculate 9 - ((-14 - (3 + 10 - 14)) + -2).
24
What is the value of -14 + (9 - 9 - -15) + 9?
10
Evaluate (-6 + 9 - (-20 - (19 + -23))) + -22.
-3
Calculate 14 + (51 - -63) + -28.
100
What is the value of (-69 - -138) + -55 - (2 + -39)?
51
What is -46 + 37 - (38 + -42)?
-5
-30 - -48 - (0 - -89)
-71
Evaluate (20 - 74) + (317 - 205).
58
What is the value of 2 + 14 + 33 + -44 + 50 + 6?
61
Evaluate 20 - (40 + -59 - -25) - (2 - 47).
59
What is the value of -130 + 208 + -90 + (16 + 1 - 2)?
3
What is -6 - -43 - (317 + -320)?
40
-26200 + 26245 - (10 + -1 - 1 - -1)
36
What is ((15 - -38) + 11 - 16) + (-9 - (3 + -6))?
42
What is the value of (-22 - -37) + -37 + (39 - 22)?
-5
-3 - (1 + 2) - (23 - (-18 - -39))
-8
Calculate -27 - -4 - (16 + (14 - (0 + -12))).
-65
What is 2 + 14 + -23 - 100?
-107
Evaluate 3 + -1 + 68 - (25 + -2 + -111 + 89).
69
Evaluate -5 + 4 + -958 + 1002.
43
-20 - -9 - 0 - -19
8
What is -52 + (20 - (-17 + 5))?
-20
Evaluate 54 + -14 + (-26 - -33 - (4 + -16)).
59
Calculate -5 - (-17 + (7 - (4 + -3))) - (-4 + 44).
-34
What is the value of -41 + 1 + 457 + -452?
-35
Evaluate 27 + 14 + -65 + 50.
26
Calculate 675 + -531 + (5 + (0 - (4 + -4)) - -5).
154
What is (-1 + -7 + -2 - 14) + 6 + -11 + 2?
-27
Evaluate 93 + -5 + (-24 - 0 - -13) + 13.
90
What is the value of 9 - (12 + -8 + -50 + 12)?
43
What is -52 - (21 + 2 - 30)?
-45
(-3449 - -3458) + 28 + 1
38
-25 + 6 + -3 + 0 + 59
37
-46 - (23 - (-6 + 38) - 11)
-26
What is -188 + 180 - (-92 + 3 + -3 + -2) - -2?
88
(-907 - -1010) + (2 - 5) + 4 + -19
85
What is -122 - (71 + 0 + 3898 + -3937)?
-154
Evaluate -39 - (-98 + (-4 - -26)).
37
(-88 + 89 - (12 + -3)) + -18
-26
Calculate -91 - -47 - (13 - (28 + 0)).
-29
Evaluate -2 - 7 - (-109 + 36 - -8).
56
Evaluate 1 + -27 - 22 - (4 - (6 + 1)).
-45
43 - (-14 + -16 + 30 + -9)
52
17 - (-23 - ((37 - 21) + 2))
58
Evaluate 13 + -4 + 6 + (-46 - -13 - -23).
5
Evaluate 4 - 13 - (1 + (-14 - 4) - (1 - 9)).
0
Calculate 0 + -38 - (-746 - -754).
-46
Calculate -57 - (51 + -51 - 60) - (-14 - 1).
18
Evaluate -88 - ((-12 - 117) + 15).
26
Calculate (-327 - -333 - (6 - -1)) + -11 + -78.
-90
Evaluate -24 + 20 - -5 - (-4 + -1 + -56 + -1).
63
What is the value of 42 + -49 + (85 - 68)?
10
(-319 - -334) + (-4 - (21 + 0)) - (1 - -60)
-71
Calculate 94 + 0 + -2 + (-10027 - -10014).
79
Evaluate -43 + (-47 - (-50 - 1)).
-39
Evaluate (-147 - 1) + (-35 - (-153 - -92)).
-122
What is the value of 4 + -75 + (14 - 4 - (-3 - (3 + -15)))?
-70
What is (1 - 11) + ((85 - 55) + 10 - -22)?
52
Evaluate (8 + 15 - 45) + (-1 - -3 - -2).
-18
What is the value of (-132 - -45) + 105 - (-1 + 72)?
-53
(0 - 5) + 2116 + -2098
13
What is the value of 31 - -4 - (34 - 13 - 26)?
40
Calculate 1 + 10 + (-11 - (-5 - 0)) - (-1 - -3).
3
Evaluate (7 - (19 - 1)) + (-23 - -27 - -7).
0
What is the value of -141 - (-31 + -5 + 25 - 5)?
-125
What is the value of -55 + (-54 - (-70 + -30))?
-9
Evaluate 38 - (151 - -4) - -17.
-100
Calculate 82 - (-34 + 127 + -36).
25
Evaluate -9 + 0 + -1 + (-539 - -150) + 309.
-90
Calculate 92 - (-30 + 78 + -10).
54
Evaluate -195 + 46 + (-1 - -109).
-41
What is the value of 5 + (20 + -8 - 2) + -18?
-3
Evaluate (29 - 33 - 23 - -41) + 14.
28
7 - 43 - (26 - (15 - -13))
-34
-30 + 18 + (-36 - -44)
-4
(-6 - -1 - (-8 - -6)) + -3 - 0
-6
What is 12 + -65 + 89 + -41?
-5
What is the value of -407 + 226 + 138 + (4 - 1)?
-40
-12 - -1 - (230 + -236) - (-15 + -1)
11
(0 - -11 - (398 + -388)) + -22
-21
What is the value of -24 + 122 - 28 - 53?
17
What is the value of 7 - (-117 - (12 + -7 + 17 + (5 - 42)))?
109
What is the value of (2 + -3 - 15) + (25 + -6 - 57)?
-54
What is the value of 32 + (-3 - (0 + 33 - 12))?
8
What is 46 - (-9 + 1) - (-3 + 3 - -7 - -2)?
45
What is 9 + (-60 - -59 - -30)?
38
What is the value of (14 - 8) + -107 + 33 + 12?
-56
What is the value of 31 + 9 + -42 - 17?
-19
Evaluate 14 + (-10 - (7 - 12) - -6).
15
Calculate -21 - (-2 + 2) - ((-338 - -79) + 148).
90
Evaluate -3 + 4 + -4 + (124 - 129) + (-39 - -1).
-46
Calculate 5 - 8 - (115 - (14 - 22)) - (-2 + -3).
-121
What is the value of 12 + (-8 - (25 - (39 - 28)))?
-10
What is 13 + -11 - 29 - (22 - (-8 - -14))?
-43
-42 - (-33 + -23 + -45)
59
What is 32 + (3 - 25) + (9 + -11 - (1 + 47))?
-40
Calculate 997 + -1023 + (-58 - -10).
-74
Evaluate (-37 - 7) + 53 + (2 - 12) + 3.
2
Evaluate (20 - (-4 - (-34 - (5 - 18)))) + 22.
25
What is the value of -36 + -83 + 102 + -29 + 2?
-44
Evaluate -89 - -54 - -63 - (13 - 2).
17
What is 1 + 43 - (-69 + (66 - -16))?
31
Calculate -3 + -24 + (97 - 90).
-20
Evaluate 18 - 10 - (-53 + (3 + -6 + 1 - 0)).
63
Calculate -32 + 79 - (10 + 54).
-17
Calculate 97 - -44 - -9 - 54.
96
(15 - (-19 + 20 + -2)) + -29
-13
What is the value of -82 + (-34 + 28 - (-4 + 4)) + (4 - 3)?
-87
Calculate -32 - 10 - -4 - ((-2 - -14) + -15).
-35
Calculate -13 - (-21 - (-6 + 10 + (-3 - -52))).
61
What is the value of -126 + 97 + -21 + -1?
-51
Calculate -1 + 16 + -1 + (52 - 140) + 74 - 112.
-112
What is the value of (-12 - (7 + (6 - 18))) + 15?
8
What is the value of (-47 - -12) + 17 + -20 + -19 + 139?
82
What is -3 + (24 - (3 - 6)) - (-48 - (-27 + -25))?
20
Calculate 506 - 559 - (48 + 9).
-110
What is 17 + -47 + -37 + 24?
-43
Evaluate -23 + (160 - (24 - -22) - -32).
123
Calculate 7 + (-4 - -1 - (26 + -21 - 14)).
13
Calculate 14 + -69 + (5 - (-4 + -5)).
-41
Evaluate -2 + -72 - (811 - 815) - (-2 - -18).
-86
Evaluate (147 - 109) + (-6 - 6).
26
Evaluate 41 + (219 + -226 + (-1 - 9) - -34).
58
What is the value of -185 + 163 + 9 - ((2 - 1) + 92 + -1)?
-105
What is -4 + 4 + (1 + 15 - (0 - -48))?
-32
Evaluate 20 + -103 - -29 - ((2 - 0) + -11 + 14).
-59
Evaluate (-11 + (-17 - (-33 - -20)) - 15) + -9.
-39
Calculate -22 + (31 - (0 + 56)).
-47
What is the value of 12 - -6 - (-24 - -33 - 17)?
26
What is the value of -3 - (51 + -101 + (0 - (-10 - -4)))?
41
What is the value of -21 + -99 + 109 + 1 + -2 + -19?
-31
What is the value of (-16 - (21 - (-8 + 26) - -20)) + -1?
-40
Evaluate 0 + -15 + (7 - 24 - -6) + 43.
17
Calculate 20 + (-76 + 103 - 109).
-62
Evaluate 2 + -18 + 19 + 2 + (-2 - (-1 + -39)).
43
Evaluate 4 + -1 + -3 + 4 + (64 - (-57 + 47)).
78
What is the value of (86 - (31 + -7 + -6 + 0)) + -2 + 0?
66
What is -3 - (-38 - (10 + (-40 - -18)))?
23
What is the value of (2 - 3 - 63) + (-26 - (-21 + 12)) + 20?
-61
What is 1 + -4 + -29 + (-5 - (6 - 19 - -4))?
-28
What is the value of 19 + 20 - 9 - 18 - (-10 + -7)?
29
Evaluate 6 - (-61 + 86 + 11).
-30
What is the value of (-8 + 83 - 10 - (5 - 8 - 0)) + -8?
60
What is the value of 12 + -54 + 20 + -14?
-36
29 + -70 + 1 + 8 - 8 - 3
-43
Evaluate (-1 + -13 + 16 - (21 + -4 - 1)) + -56.
-70
Calculate -2 - (18 + -16 + -24 - (-6 - 2)).
12
What is 57 - (38 + 23 - -29)?
-33
What is -52 - (32 + -51 - 33)?
0
What is 8 + -4 + 15 + 0 + 22 + -8?
33
What is the value of 1 + 3 - (-9 - -54 - (80 + -92))?
-53
What is the value of 27 + 7 + 19 + -28 - (0 + -3)?
28
What is the value of (-13 - (-18 - 78)) + -29 + 2?
56
Evaluate -2 + -64 + -1166 + 1214.
-18
-82 - ((14 - -3) + -9 + -13) - -12
-65
-37 - -31 - (20 - 65)
39
Evaluate 7 - ((-28 - -46) + -24).
13
Calculate (-83 - -30 - -68) + -44.
-29
What is -21 - (-7 - -11 - 71)?
46
Evaluate (4 - 29) + 12 - (-102 + 9 - 2).
82
Calculate (24 - (2 - -2)) + (-11 + 2 - (7 + -11)).
15
What is the value of -1 + (-11 - ((-8 - -4) + (-8 - -15)) - -44)?
29
Evaluate (-14 - -7) + (-74 - (-21 - -5) - -15).
-50
What is 1 + 0 + 0 + (570 - 565) + (2 - 26)?
-18
What is the value of 53 + -68 + -40 - (-3 - -9)?
-61
Calculate -5 - (6 + (-7 - (-23 + 10 + 2))).
-15
Calculate -19 + (-5 + 5 - 3) - (14 + -28 + 18).
-26
61 + 33 + -77 - (-6 + 4 - -85)
-66
Evaluate -8 - (1 - -13 - (-10 - (-8 + 32 + -42))).
-14
-62 - (-55 + (4 - -26))
-37
Evaluate (1 - -2) + 44 - (-12 - (13 - -19 - 49)).
42
Calculate 1 + -1 + -59 + (-28 - -75) + (-10 - -1).
-21
What is 4 + -13 + 3 + 2 - (56 + -70)?
10
What is 5 + -39 + 61 + -69?
-42
Evaluate 44 + -8 + -15 + -13 + 112.
120
(6 - 20) + 19 + (-139 - -55)
-79
-14 + (11 - -25) + (25 - (-8 - -14))
41
What is the value of -24 + 12 - -6 - (108 + -5) - 0?
-109
Evaluate 29 + 2 + -3 - (-59 